{"id":1166,"date":"2022-07-21T10:14:55","date_gmt":"2022-07-21T08:14:55","guid":{"rendered":"https:\/\/www.kalvin.sk\/?page_id=1166"},"modified":"2023-02-26T14:56:23","modified_gmt":"2023-02-26T13:56:23","slug":"rok-2013","status":"publish","type":"page","link":"https:\/\/www.kalvin.sk\/?page_id=1166","title":{"rendered":"Rok 2013"},"content":{"rendered":"<div class=\"bt_bb_wrapper\"><section id=\"bt_bb_section69f2f3e5ab01b\"  class=\"bt_bb_section bt_bb_layout_boxed_1200\" ><div class=\"bt_bb_port\"><div class=\"bt_bb_cell\"><div class=\"bt_bb_cell_inner\"><div class=\"bt_bb_row_wrapper\"><div  class=\"bt_bb_row\" ><div  class=\"bt_bb_column col-xl-12 col-xs-12 col-sm-12 col-md-12 col-lg-12 bt_bb_align_left bt_bb_vertical_align_top bt_bb_padding_normal\"  data-width=\"12\" data-bt-override-class=\"{}\"><div class=\"bt_bb_column_content\"><div class=\"bt_bb_column_content_inner\"><div  class=\"bt_bb_text\" ><h2><span style=\"color: #800000;\"><strong>Stretnutie spevokolov Michalovsk\u00e9ho senior\u00e1tu 2013<\/strong><\/span><\/h2>\n<p><span style=\"color: #000000;\"><strong><span style=\"font-family: arial, helvetica, sans-serif;\"><span style=\"font-size: small;\">Stretnutie spevokolov Michalovsk\u00e9ho senior\u00e1tu sa u\u017e tradi\u010dne uskuto\u010dnilo 7. apr\u00edla 2013 v\u00a0reformovanom kostole v\u00a0Michalovciach, t\u00fd\u017ede\u0148 po\u00a0Ve\u013ekono\u010dn\u00fdch sviatkoch, kedy sme si pripom\u00ednali utrpenie, smr\u0165 a\u00a0sl\u00e1vne zm\u0155tvychvstanie n\u00e1\u0161ho P\u00e1na Je\u017ei\u0161a Krista. V\u00a0\u00favode seniorka Michalovsk\u00e9ho senior\u00e1tu M\u00e1ria Me\u0148kyov\u00e1 priv\u00edtala pr\u00edtomn\u00fdch a\u00a0v\u00a0modlitbe vyprosila po\u017eehnanie na\u00a0toto stretnutie.<\/span><\/span><\/strong><\/span><\/p>\n<p><span style=\"color: #000000;\"><strong><span style=\"font-family: arial, helvetica, sans-serif;\"><span style=\"font-size: small;\">Na stetnut\u00ed spevokolov sa z\u00fa\u010dastnilo sedem spevokolov z\u00a0n\u00e1\u0161ho senior\u00e1tu a\u00a0hos\u0165uj\u00faci spevokol Peni\u00e9l zo zboru Evanjelickej cirkvi augsbursk\u00e9ho vierovyznania v\u00a0Michalovciach, ktor\u00fd prijal pozvanie misijn\u00e9ho refer\u00e1tu Michalovsk\u00e9ho senior\u00e1tu.<\/span><\/span><\/strong><\/span><\/p>\n<p><span style=\"color: #000000;\"><strong><span style=\"font-family: arial, helvetica, sans-serif;\"><span style=\"font-size: small;\">Stretnutie spevokolov moderovala Viera \u0160olt\u00e9sov\u00e1 z\u00a0Michaloviec, ktor\u00e1 svoje vstupy popretk\u00e1vala n\u00e1dhern\u00fdmi ver\u0161ami z\u00a0Biblie a\u00a0z\u00a0r\u00f4znych b\u00e1sn\u00ed.<\/span><\/span><\/strong><\/span><\/p>\n<p><span style=\"color: #000000;\"><strong><span style=\"font-family: arial, helvetica, sans-serif;\"><span style=\"font-size: small;\">Po priv\u00edtan\u00ed a\u00a0pr\u00edhovore seniorky M\u00e1ria Me\u0148kyovej sme spolo\u010dne zaspievali \u017dalm 150 Chv\u00e1\u013ete Najmocnej\u0161ieho, chv\u00e1\u013ete Najsv\u00e4tej\u0161ieho\u2026<\/span><\/span><\/strong><\/span><\/p>\n<p><span style=\"color: #000000;\"><strong><span style=\"font-family: arial, helvetica, sans-serif;\"><span style=\"font-size: small;\">Ako prv\u00fd vyst\u00fapil \u017eensk\u00fd spevokol z\u00a0Be\u017eoviec, ktor\u00fd pod\u00a0veden\u00edm sestry Be\u00e1ty Ka\u010dko\u0161ovej spieval piesne \u00d3, Je\u017ei\u0161u, Ty stoj\u00ed\u0161, To Tvoja vec je, Pane n\u00e1\u0161 a\u00a0Je P\u00e1n mojim svetlom.<\/span><\/span><\/strong><\/span><\/p>\n<p><span style=\"color: #000000;\"><strong><span style=\"font-family: arial, helvetica, sans-serif;\"><span style=\"font-size: small;\">Po ich vyst\u00fapen\u00ed nasledoval \u017eensk\u00fd spevokol zo Sv\u00e4tu\u0161a veden\u00fd kantorkou zboru sestrou Annou Paster\u00e1kovou. V\u00a0jeho podan\u00ed sme po\u010d\u00favali piesne: Nem\u00e1\u0161 miesta pre\u00a0Je\u017ei\u0161a a\u00a0Znie sp\u00e1sy preradostn\u00e1 zves\u0165.<\/span><\/span><\/strong><\/span><\/p>\n<p><span style=\"color: #000000;\"><strong><span style=\"font-family: arial, helvetica, sans-serif;\"><span style=\"font-size: small;\">Hos\u0165uj\u00faci spevokol Peni\u00e9l z\u00a0ECAV Michalovce, veden\u00fd dirigentom Vladim\u00edrom Kuncom, \u00a0zaspieval piesne Raduj sa a\u00a0plesaj; De\u0148 v\u00a0slu\u017ebe m\u00f4jho P\u00e1na a\u00a0Kto preb\u00fdva v\u00a0skr\u00fd\u0161i Najvy\u0161\u0161ieho.<\/span><\/span><\/strong><\/span><\/p>\n<p><span style=\"color: #000000;\"><strong><span style=\"font-family: arial, helvetica, sans-serif;\"><span style=\"font-size: small;\">Spevokol z\u00a0Pal\u00edna pod\u00a0veden\u00edm Mareka Janov\u010d\u00edka vyst\u00fapil s\u00a0pies\u0148ami Bl\u00edzko kr\u00ed\u017ea chovaj ma a\u00a0V\u00ed\u0165az nad\u00a0smr\u0165ou.<\/span><\/span><\/strong><\/span><\/p>\n<p><span style=\"color: #000000;\"><strong><span style=\"font-family: arial, helvetica, sans-serif;\"><span style=\"font-size: small;\">Vyst\u00fapenie dom\u00e1ceho spevokolu Soli Deo Gloria, veden\u00e9ho kantorom Jurajom Tich\u00fdm n\u00e1s povzbudilo spevom piesn\u00ed Bol si tam; Tvoj kr\u00ed\u017e a\u00a0Smie\u0165 \u017ei\u0165 pre\u00a0Krista.<\/span><\/span><\/strong><\/span><\/p>\n<p><span style=\"color: #000000;\"><strong><span style=\"font-family: arial, helvetica, sans-serif;\"><span style=\"font-size: small;\">O\u017eiven\u00edm stretnutia spevokolov bolo vyst\u00fapenie mlad\u00fdch z\u00a0Pal\u00edna a\u00a0Stretavy, ktor\u00ed n\u00e1s pri\u0161li\u00a0 povzbudi\u0165 pies\u0148ami Zveleben\u00fd P\u00e1n; Dnes chcel by som Ti da\u0165 a\u00a0To, \u010do vyspieva\u0165 t\u00fa\u017eim.<\/span><\/span><\/strong><\/span><\/p>\n<p><span style=\"color: #000000;\"><strong><span style=\"font-family: arial, helvetica, sans-serif;\"><span style=\"font-size: small;\">Pod veden\u00edm seniorky M\u00e1rie Me\u0148kyovej n\u00e1s spevokol z\u00a0Lastom\u00edra pote\u0161il pies\u0148ami Vstal z\u00a0hrobu a\u00a0Bu\u010f tvorstvom v\u0161etk\u00fdm chv\u00e1len\u00fd.<\/span><\/span><\/strong><\/span><\/p>\n<p><span style=\"color: #000000;\"><strong><span style=\"font-family: arial, helvetica, sans-serif;\"><span style=\"font-size: small;\">Stretnutie spevokolov uzavrel svojim vyst\u00fapen\u00edm \u017eensk\u00fd spevokol z\u00a0B\u00e1noviec nad\u00a0Ondavou. Pod\u00a0veden\u00edm zborovej far\u00e1rky Eriky D\u00e9k\u00e1nyovej zneli v\u00a0jeho podan\u00ed piesne: Na\u00a0Krista svoje hriechy a\u00a0\u00d3, \u00fa\u017easn\u00e1 milos\u0165.<\/span><\/span><\/strong><\/span><\/p>\n<p><span style=\"color: #000000;\"><strong><span style=\"font-family: arial, helvetica, sans-serif;\"><span style=\"font-size: small;\">V z\u00e1vere stretnutia Noemi Bodn\u00e1r z\u00a0odboru cirkevnej hudby vyjadrila rados\u0165 z\u00a0tohto stretnutia a\u00a0odovzdala ved\u00facim spevokolov \u010fakovn\u00e9 listy a\u00a0dary.<\/span><\/span><\/strong><\/span><\/p>\n<p><span style=\"color: #000000;\"><strong><span style=\"font-family: arial, helvetica, sans-serif;\"><span style=\"font-size: small;\">Misijn\u00fd referent Michalovsk\u00e9ho senior\u00e1tu po\u010fakoval v\u0161etk\u00fdm \u00fa\u010dinkuj\u00facim a\u00a0v\u00a0modlitbe po\u010fakoval Bohu za\u00a0tento \u010das. Po\u00a0Modlitbe P\u00e1novej a\u00a0po\u017eehnan\u00ed sme spolo\u010dne zaspievali piese\u0148\u00a0\u00a0\u00a0\u00a0 \u010d. 244 V\u010faka Ti bu\u010f, Pane.<\/span><\/span><\/strong><\/span><\/p>\n<p><span style=\"color: #000000;\"><strong><span style=\"font-family: arial, helvetica, sans-serif;\"><span style=\"font-size: small;\">Po stretnut\u00ed nasledovalo v\u00a0zborovej miestnosti spolo\u010dn\u00e9 pohostenie, ktor\u00e9 pripravil dom\u00e1ci zbor a\u00a0kde sme sa mohli po\u00a0kr\u00e1snom a\u00a0po\u017eehnanom \u010dase ob\u010derstvi\u0165 a\u00a0posilni\u0165, ale aj zdiela\u0165 so svojimi z\u00e1\u017eitkami a\u00a0sk\u00fasenos\u0165ami. V\u010faka Bohu za\u00a0tento kr\u00e1sny \u010das!<\/span><\/span><\/strong><\/span><\/p>\n<\/div><div class=\"bt_bb_masonry_image_grid bt_bb_grid_container bt_bb_columns_6 bt_bb_gap_small\" data-columns=\"6\"><div class=\"bt_bb_masonry_post_image_content\" data-columns=\"6\"><div class=\"bt_bb_grid_sizer\"><\/div><div class=\"bt_bb_grid_item bt_bb_tile_format11\" data-hw=\"1\" data-src=\"https:\/\/www.kalvin.sk\/wp-content\/uploads\/2022\/07\/koncert_07_4_2013_001-150x150.jpg\" data-src-full=\"https:\/\/www.kalvin.sk\/wp-content\/uploads\/2022\/07\/koncert_07_4_2013_001.jpg\" data-title=\"koncert_07_4_2013_001\"><div class=\"bt_bb_grid_item_inner\" data-hw=\"1\" ><div class=\"bt_bb_grid_item_inner_image\"><\/div><div class=\"bt_bb_grid_item_inner_content\"><\/div><\/div><\/div><div class=\"bt_bb_grid_item bt_bb_tile_format11\" data-hw=\"1\" data-src=\"https:\/\/www.kalvin.sk\/wp-content\/uploads\/2022\/07\/koncert_07_4_2013_003-150x150.jpg\" data-src-full=\"https:\/\/www.kalvin.sk\/wp-content\/uploads\/2022\/07\/koncert_07_4_2013_003.jpg\" data-title=\"koncert_07_4_2013_003\"><div class=\"bt_bb_grid_item_inner\" data-hw=\"1\" ><div class=\"bt_bb_grid_item_inner_image\"><\/div><div class=\"bt_bb_grid_item_inner_content\"><\/div><\/div><\/div><div class=\"bt_bb_grid_item bt_bb_tile_format11\" data-hw=\"1\" data-src=\"https:\/\/www.kalvin.sk\/wp-content\/uploads\/2022\/07\/koncert_07_4_2013_004-150x150.jpg\" data-src-full=\"https:\/\/www.kalvin.sk\/wp-content\/uploads\/2022\/07\/koncert_07_4_2013_004.jpg\" data-title=\"koncert_07_4_2013_004\"><div class=\"bt_bb_grid_item_inner\" data-hw=\"1\" ><div class=\"bt_bb_grid_item_inner_image\"><\/div><div class=\"bt_bb_grid_item_inner_content\"><\/div><\/div><\/div><div class=\"bt_bb_grid_item bt_bb_tile_format11\" data-hw=\"1\" data-src=\"https:\/\/www.kalvin.sk\/wp-content\/uploads\/2022\/07\/koncert_07_4_2013_002-150x150.jpg\" data-src-full=\"https:\/\/www.kalvin.sk\/wp-content\/uploads\/2022\/07\/koncert_07_4_2013_002.jpg\" data-title=\"koncert_07_4_2013_002\"><div class=\"bt_bb_grid_item_inner\" data-hw=\"1\" ><div class=\"bt_bb_grid_item_inner_image\"><\/div><div class=\"bt_bb_grid_item_inner_content\"><\/div><\/div><\/div><div class=\"bt_bb_grid_item bt_bb_tile_format11\" data-hw=\"1\" data-src=\"https:\/\/www.kalvin.sk\/wp-content\/uploads\/2022\/07\/koncert_07_4_2013_005-150x150.jpg\" data-src-full=\"https:\/\/www.kalvin.sk\/wp-content\/uploads\/2022\/07\/koncert_07_4_2013_005.jpg\" data-title=\"koncert_07_4_2013_005\"><div class=\"bt_bb_grid_item_inner\" data-hw=\"1\" ><div class=\"bt_bb_grid_item_inner_image\"><\/div><div class=\"bt_bb_grid_item_inner_content\"><\/div><\/div><\/div><div class=\"bt_bb_grid_item bt_bb_tile_format11\" data-hw=\"1\" data-src=\"https:\/\/www.kalvin.sk\/wp-content\/uploads\/2022\/07\/koncert_07_4_2013_006-150x150.jpg\" data-src-full=\"https:\/\/www.kalvin.sk\/wp-content\/uploads\/2022\/07\/koncert_07_4_2013_006.jpg\" data-title=\"koncert_07_4_2013_006\"><div class=\"bt_bb_grid_item_inner\" data-hw=\"1\" ><div class=\"bt_bb_grid_item_inner_image\"><\/div><div class=\"bt_bb_grid_item_inner_content\"><\/div><\/div><\/div><div class=\"bt_bb_grid_item bt_bb_tile_format11\" data-hw=\"1\" data-src=\"https:\/\/www.kalvin.sk\/wp-content\/uploads\/2022\/07\/koncert_07_4_2013_008-150x150.jpg\" data-src-full=\"https:\/\/www.kalvin.sk\/wp-content\/uploads\/2022\/07\/koncert_07_4_2013_008.jpg\" data-title=\"koncert_07_4_2013_008\"><div class=\"bt_bb_grid_item_inner\" data-hw=\"1\" ><div class=\"bt_bb_grid_item_inner_image\"><\/div><div class=\"bt_bb_grid_item_inner_content\"><\/div><\/div><\/div><div class=\"bt_bb_grid_item bt_bb_tile_format11\" data-hw=\"1\" data-src=\"https:\/\/www.kalvin.sk\/wp-content\/uploads\/2022\/07\/koncert_07_4_2013_009-150x150.jpg\" data-src-full=\"https:\/\/www.kalvin.sk\/wp-content\/uploads\/2022\/07\/koncert_07_4_2013_009.jpg\" data-title=\"koncert_07_4_2013_009\"><div class=\"bt_bb_grid_item_inner\" data-hw=\"1\" ><div class=\"bt_bb_grid_item_inner_image\"><\/div><div class=\"bt_bb_grid_item_inner_content\"><\/div><\/div><\/div><div class=\"bt_bb_grid_item bt_bb_tile_format11\" data-hw=\"1\" data-src=\"https:\/\/www.kalvin.sk\/wp-content\/uploads\/2022\/07\/koncert_07_4_2013_010-150x150.jpg\" data-src-full=\"https:\/\/www.kalvin.sk\/wp-content\/uploads\/2022\/07\/koncert_07_4_2013_010.jpg\" data-title=\"koncert_07_4_2013_010\"><div class=\"bt_bb_grid_item_inner\" data-hw=\"1\" ><div class=\"bt_bb_grid_item_inner_image\"><\/div><div class=\"bt_bb_grid_item_inner_content\"><\/div><\/div><\/div><div class=\"bt_bb_grid_item bt_bb_tile_format11\" data-hw=\"1\" data-src=\"https:\/\/www.kalvin.sk\/wp-content\/uploads\/2022\/07\/koncert_07_4_2013_011-150x150.jpg\" data-src-full=\"https:\/\/www.kalvin.sk\/wp-content\/uploads\/2022\/07\/koncert_07_4_2013_011.jpg\" data-title=\"koncert_07_4_2013_011\"><div class=\"bt_bb_grid_item_inner\" data-hw=\"1\" ><div class=\"bt_bb_grid_item_inner_image\"><\/div><div class=\"bt_bb_grid_item_inner_content\"><\/div><\/div><\/div><div class=\"bt_bb_grid_item bt_bb_tile_format11\" data-hw=\"1\" data-src=\"https:\/\/www.kalvin.sk\/wp-content\/uploads\/2022\/07\/koncert_07_4_2013_012-150x150.jpg\" data-src-full=\"https:\/\/www.kalvin.sk\/wp-content\/uploads\/2022\/07\/koncert_07_4_2013_012.jpg\" data-title=\"koncert_07_4_2013_012\"><div class=\"bt_bb_grid_item_inner\" data-hw=\"1\" ><div class=\"bt_bb_grid_item_inner_image\"><\/div><div class=\"bt_bb_grid_item_inner_content\"><\/div><\/div><\/div><div class=\"bt_bb_grid_item bt_bb_tile_format11\" data-hw=\"1\" data-src=\"https:\/\/www.kalvin.sk\/wp-content\/uploads\/2022\/07\/koncert_07_4_2013_013-150x150.jpg\" data-src-full=\"https:\/\/www.kalvin.sk\/wp-content\/uploads\/2022\/07\/koncert_07_4_2013_013.jpg\" data-title=\"koncert_07_4_2013_013\"><div class=\"bt_bb_grid_item_inner\" data-hw=\"1\" ><div class=\"bt_bb_grid_item_inner_image\"><\/div><div class=\"bt_bb_grid_item_inner_content\"><\/div><\/div><\/div><div class=\"bt_bb_grid_item bt_bb_tile_format11\" data-hw=\"1\" data-src=\"https:\/\/www.kalvin.sk\/wp-content\/uploads\/2022\/07\/koncert_07_4_2013_014-150x150.jpg\" data-src-full=\"https:\/\/www.kalvin.sk\/wp-content\/uploads\/2022\/07\/koncert_07_4_2013_014.jpg\" data-title=\"koncert_07_4_2013_014\"><div class=\"bt_bb_grid_item_inner\" data-hw=\"1\" ><div class=\"bt_bb_grid_item_inner_image\"><\/div><div class=\"bt_bb_grid_item_inner_content\"><\/div><\/div><\/div><div class=\"bt_bb_grid_item bt_bb_tile_format11\" data-hw=\"1\" data-src=\"https:\/\/www.kalvin.sk\/wp-content\/uploads\/2022\/07\/koncert_07_4_2013_015-150x150.jpg\" data-src-full=\"https:\/\/www.kalvin.sk\/wp-content\/uploads\/2022\/07\/koncert_07_4_2013_015.jpg\" data-title=\"koncert_07_4_2013_015\"><div class=\"bt_bb_grid_item_inner\" data-hw=\"1\" ><div class=\"bt_bb_grid_item_inner_image\"><\/div><div class=\"bt_bb_grid_item_inner_content\"><\/div><\/div><\/div><div class=\"bt_bb_grid_item bt_bb_tile_format11\" data-hw=\"1\" data-src=\"https:\/\/www.kalvin.sk\/wp-content\/uploads\/2022\/07\/koncert_07_4_2013_016-150x150.jpg\" data-src-full=\"https:\/\/www.kalvin.sk\/wp-content\/uploads\/2022\/07\/koncert_07_4_2013_016.jpg\" data-title=\"koncert_07_4_2013_016\"><div class=\"bt_bb_grid_item_inner\" data-hw=\"1\" ><div class=\"bt_bb_grid_item_inner_image\"><\/div><div class=\"bt_bb_grid_item_inner_content\"><\/div><\/div><\/div><div class=\"bt_bb_grid_item bt_bb_tile_format11\" data-hw=\"1\" data-src=\"https:\/\/www.kalvin.sk\/wp-content\/uploads\/2022\/07\/koncert_07_4_2013_0031-150x150.jpg\" data-src-full=\"https:\/\/www.kalvin.sk\/wp-content\/uploads\/2022\/07\/koncert_07_4_2013_0031.jpg\" data-title=\"koncert_07_4_2013_0031\"><div class=\"bt_bb_grid_item_inner\" data-hw=\"1\" ><div class=\"bt_bb_grid_item_inner_image\"><\/div><div class=\"bt_bb_grid_item_inner_content\"><\/div><\/div><\/div><div class=\"bt_bb_grid_item bt_bb_tile_format11\" data-hw=\"1\" data-src=\"https:\/\/www.kalvin.sk\/wp-content\/uploads\/2022\/07\/koncert_07_4_2013_0041-150x150.jpg\" data-src-full=\"https:\/\/www.kalvin.sk\/wp-content\/uploads\/2022\/07\/koncert_07_4_2013_0041.jpg\" data-title=\"koncert_07_4_2013_0041\"><div class=\"bt_bb_grid_item_inner\" data-hw=\"1\" ><div class=\"bt_bb_grid_item_inner_image\"><\/div><div class=\"bt_bb_grid_item_inner_content\"><\/div><\/div><\/div><div class=\"bt_bb_grid_item bt_bb_tile_format11\" data-hw=\"1\" data-src=\"https:\/\/www.kalvin.sk\/wp-content\/uploads\/2022\/07\/koncert_07_4_2013_0051-150x150.jpg\" data-src-full=\"https:\/\/www.kalvin.sk\/wp-content\/uploads\/2022\/07\/koncert_07_4_2013_0051.jpg\" data-title=\"koncert_07_4_2013_0051\"><div class=\"bt_bb_grid_item_inner\" data-hw=\"1\" ><div class=\"bt_bb_grid_item_inner_image\"><\/div><div class=\"bt_bb_grid_item_inner_content\"><\/div><\/div><\/div><div class=\"bt_bb_grid_item bt_bb_tile_format11\" data-hw=\"1\" data-src=\"https:\/\/www.kalvin.sk\/wp-content\/uploads\/2022\/07\/koncert_07_4_2013_0061-150x150.jpg\" data-src-full=\"https:\/\/www.kalvin.sk\/wp-content\/uploads\/2022\/07\/koncert_07_4_2013_0061.jpg\" data-title=\"koncert_07_4_2013_0061\"><div class=\"bt_bb_grid_item_inner\" data-hw=\"1\" ><div class=\"bt_bb_grid_item_inner_image\"><\/div><div class=\"bt_bb_grid_item_inner_content\"><\/div><\/div><\/div><div class=\"bt_bb_grid_item bt_bb_tile_format11\" data-hw=\"1\" data-src=\"https:\/\/www.kalvin.sk\/wp-content\/uploads\/2022\/07\/koncert_07_4_2013_0071-150x150.jpg\" data-src-full=\"https:\/\/www.kalvin.sk\/wp-content\/uploads\/2022\/07\/koncert_07_4_2013_0071.jpg\" data-title=\"koncert_07_4_2013_0071\"><div class=\"bt_bb_grid_item_inner\" data-hw=\"1\" ><div class=\"bt_bb_grid_item_inner_image\"><\/div><div class=\"bt_bb_grid_item_inner_content\"><\/div><\/div><\/div><div class=\"bt_bb_grid_item bt_bb_tile_format11\" data-hw=\"1\" data-src=\"https:\/\/www.kalvin.sk\/wp-content\/uploads\/2022\/07\/koncert_07_4_2013_0081-150x150.jpg\" data-src-full=\"https:\/\/www.kalvin.sk\/wp-content\/uploads\/2022\/07\/koncert_07_4_2013_0081.jpg\" data-title=\"koncert_07_4_2013_0081\"><div class=\"bt_bb_grid_item_inner\" data-hw=\"1\" ><div class=\"bt_bb_grid_item_inner_image\"><\/div><div class=\"bt_bb_grid_item_inner_content\"><\/div><\/div><\/div><div class=\"bt_bb_grid_item bt_bb_tile_format11\" data-hw=\"1\" data-src=\"https:\/\/www.kalvin.sk\/wp-content\/uploads\/2022\/07\/koncert_07_4_2013_0091-150x150.jpg\" data-src-full=\"https:\/\/www.kalvin.sk\/wp-content\/uploads\/2022\/07\/koncert_07_4_2013_0091.jpg\" data-title=\"koncert_07_4_2013_0091\"><div class=\"bt_bb_grid_item_inner\" data-hw=\"1\" ><div class=\"bt_bb_grid_item_inner_image\"><\/div><div class=\"bt_bb_grid_item_inner_content\"><\/div><\/div><\/div><div class=\"bt_bb_grid_item bt_bb_tile_format11\" data-hw=\"1\" data-src=\"https:\/\/www.kalvin.sk\/wp-content\/uploads\/2022\/07\/koncert_07_4_2013_0101-150x150.jpg\" data-src-full=\"https:\/\/www.kalvin.sk\/wp-content\/uploads\/2022\/07\/koncert_07_4_2013_0101.jpg\" data-title=\"koncert_07_4_2013_0101\"><div class=\"bt_bb_grid_item_inner\" data-hw=\"1\" ><div class=\"bt_bb_grid_item_inner_image\"><\/div><div class=\"bt_bb_grid_item_inner_content\"><\/div><\/div><\/div><div class=\"bt_bb_grid_item bt_bb_tile_format11\" data-hw=\"1\" data-src=\"https:\/\/www.kalvin.sk\/wp-content\/uploads\/2022\/07\/koncert_07_4_2013_0111-150x150.jpg\" data-src-full=\"https:\/\/www.kalvin.sk\/wp-content\/uploads\/2022\/07\/koncert_07_4_2013_0111.jpg\" data-title=\"koncert_07_4_2013_0111\"><div class=\"bt_bb_grid_item_inner\" data-hw=\"1\" ><div class=\"bt_bb_grid_item_inner_image\"><\/div><div class=\"bt_bb_grid_item_inner_content\"><\/div><\/div><\/div><div class=\"bt_bb_grid_item bt_bb_tile_format11\" data-hw=\"1\" data-src=\"https:\/\/www.kalvin.sk\/wp-content\/uploads\/2022\/07\/koncert_07_4_2013_0121-150x150.jpg\" data-src-full=\"https:\/\/www.kalvin.sk\/wp-content\/uploads\/2022\/07\/koncert_07_4_2013_0121.jpg\" data-title=\"koncert_07_4_2013_0121\"><div class=\"bt_bb_grid_item_inner\" data-hw=\"1\" ><div class=\"bt_bb_grid_item_inner_image\"><\/div><div class=\"bt_bb_grid_item_inner_content\"><\/div><\/div><\/div><div class=\"bt_bb_grid_item bt_bb_tile_format11\" data-hw=\"1\" data-src=\"https:\/\/www.kalvin.sk\/wp-content\/uploads\/2022\/07\/koncert_07_4_2013_0162-150x150.jpg\" data-src-full=\"https:\/\/www.kalvin.sk\/wp-content\/uploads\/2022\/07\/koncert_07_4_2013_0162.jpg\" data-title=\"koncert_07_4_2013_0162\"><div class=\"bt_bb_grid_item_inner\" data-hw=\"1\" ><div class=\"bt_bb_grid_item_inner_image\"><\/div><div class=\"bt_bb_grid_item_inner_content\"><\/div><\/div><\/div><\/div><\/div><\/div><\/div><\/div><\/div><\/div><\/div><\/div><\/div><\/section><\/div>","protected":false},"excerpt":{"rendered":"","protected":false},"author":1,"featured_media":0,"parent":0,"menu_order":0,"comment_status":"closed","ping_status":"closed","template":"","meta":{"_monsterinsights_skip_tracking":false,"_monsterinsights_sitenote_active":false,"_monsterinsights_sitenote_note":"","_monsterinsights_sitenote_category":0},"yoast_head":"<!-- This site is optimized with the Yoast SEO plugin v14.2 - https:\/\/yoast.com\/wordpress\/plugins\/seo\/ -->\n<title>Rok 2013 - Kalvin<\/title>\n<meta name=\"robots\" content=\"index, follow\" \/>\n<meta name=\"googlebot\" content=\"index, follow, max-snippet:-1, max-image-preview:large, max-video-preview:-1\" \/>\n<meta name=\"bingbot\" content=\"index, follow, max-snippet:-1, max-image-preview:large, max-video-preview:-1\" \/>\n<link rel=\"canonical\" href=\"https:\/\/www.kalvin.sk\/?page_id=1166\" \/>\n<meta property=\"og:locale\" content=\"sk_SK\" \/>\n<meta property=\"og:type\" content=\"article\" \/>\n<meta property=\"og:title\" content=\"Rok 2013 - Kalvin\" \/>\n<meta property=\"og:url\" content=\"https:\/\/www.kalvin.sk\/?page_id=1166\" \/>\n<meta property=\"og:site_name\" content=\"Kalvin\" \/>\n<meta property=\"article:modified_time\" content=\"2023-02-26T13:56:23+00:00\" \/>\n<meta name=\"twitter:card\" content=\"summary_large_image\" \/>\n<script type=\"application\/ld+json\" class=\"yoast-schema-graph\">{\"@context\":\"https:\/\/schema.org\",\"@graph\":[{\"@type\":\"WebSite\",\"@id\":\"https:\/\/www.kalvin.sk\/#website\",\"url\":\"https:\/\/www.kalvin.sk\/\",\"name\":\"Kalvin\",\"description\":\"\",\"potentialAction\":[{\"@type\":\"SearchAction\",\"target\":\"https:\/\/www.kalvin.sk\/?s={search_term_string}\",\"query-input\":\"required name=search_term_string\"}],\"inLanguage\":\"sk-SK\"},{\"@type\":\"WebPage\",\"@id\":\"https:\/\/www.kalvin.sk\/?page_id=1166#webpage\",\"url\":\"https:\/\/www.kalvin.sk\/?page_id=1166\",\"name\":\"Rok 2013 - Kalvin\",\"isPartOf\":{\"@id\":\"https:\/\/www.kalvin.sk\/#website\"},\"datePublished\":\"2022-07-21T08:14:55+00:00\",\"dateModified\":\"2023-02-26T13:56:23+00:00\",\"inLanguage\":\"sk-SK\",\"potentialAction\":[{\"@type\":\"ReadAction\",\"target\":[\"https:\/\/www.kalvin.sk\/?page_id=1166\"]}]}]}<\/script>\n<!-- \/ Yoast SEO plugin. -->","_links":{"self":[{"href":"https:\/\/www.kalvin.sk\/index.php?rest_route=\/wp\/v2\/pages\/1166"}],"collection":[{"href":"https:\/\/www.kalvin.sk\/index.php?rest_route=\/wp\/v2\/pages"}],"about":[{"href":"https:\/\/www.kalvin.sk\/index.php?rest_route=\/wp\/v2\/types\/page"}],"author":[{"embeddable":true,"href":"https:\/\/www.kalvin.sk\/index.php?rest_route=\/wp\/v2\/users\/1"}],"replies":[{"embeddable":true,"href":"https:\/\/www.kalvin.sk\/index.php?rest_route=%2Fwp%2Fv2%2Fcomments&post=1166"}],"version-history":[{"count":3,"href":"https:\/\/www.kalvin.sk\/index.php?rest_route=\/wp\/v2\/pages\/1166\/revisions"}],"predecessor-version":[{"id":1672,"href":"https:\/\/www.kalvin.sk\/index.php?rest_route=\/wp\/v2\/pages\/1166\/revisions\/1672"}],"wp:attachment":[{"href":"https:\/\/www.kalvin.sk\/index.php?rest_route=%2Fwp%2Fv2%2Fmedia&parent=1166"}],"curies":[{"name":"wp","href":"https:\/\/api.w.org\/{rel}","templated":true}]}}