{"id":2110,"date":"2024-12-22T14:50:10","date_gmt":"2024-12-22T13:50:10","guid":{"rendered":"https:\/\/www.kalvin.sk\/?page_id=2110"},"modified":"2024-12-22T14:52:18","modified_gmt":"2024-12-22T13:52:18","slug":"rocnik-2024","status":"publish","type":"page","link":"https:\/\/www.kalvin.sk\/?page_id=2110","title":{"rendered":"Ro\u010dn\u00edk 2024"},"content":{"rendered":"<div class=\"bt_bb_wrapper\"><section id=\"bt_bb_section69ece035e8724\"  class=\"bt_bb_section bt_bb_layout_boxed_1200\" ><div class=\"bt_bb_port\"><div class=\"bt_bb_cell\"><div class=\"bt_bb_cell_inner\"><div class=\"bt_bb_row_wrapper\"><div  class=\"bt_bb_row\" ><div  class=\"bt_bb_column col-xl-12 col-xs-12 col-sm-12 col-md-12 col-lg-12 bt_bb_align_left bt_bb_vertical_align_top bt_bb_padding_normal\"  data-width=\"12\" data-bt-override-class=\"{}\"><div class=\"bt_bb_column_content\"><div class=\"bt_bb_column_content_inner\"><div class=\"bt_bb_image bt_bb_shape_square bt_bb_align_inherit bt_bb_hover_style_simple bt_bb_content_display_always bt_bb_content_align_middle bt_bb_content_exists\" data-bt-override-class=\"{&quot;bt_bb_align_&quot;:{&quot;current_class&quot;:&quot;bt_bb_align_inherit&quot;,&quot;xl&quot;:&quot;inherit&quot;}}\"><span><img width=\"212\" height=\"300\" src=\"https:\/\/www.kalvin.sk\/wp-content\/uploads\/2024\/03\/Kalvin_XV_1_WEB_page-0001-212x300.jpg\" class=\"attachment-medium size-medium\" alt=\"https:\/\/www.kalvin.sk\/wp-content\/uploads\/2024\/03\/Kalvin_XV_1_WEB_page-0001-212x300.jpg\" loading=\"lazy\" data-full_image_src=\"https:\/\/www.kalvin.sk\/wp-content\/uploads\/2024\/03\/Kalvin_XV_1_WEB_page-0001.jpg\" title=\"Kalvin_XV_1_WEB_page-0001\" srcset=\"https:\/\/www.kalvin.sk\/wp-content\/uploads\/2024\/03\/Kalvin_XV_1_WEB_page-0001-212x300.jpg 212w, https:\/\/www.kalvin.sk\/wp-content\/uploads\/2024\/03\/Kalvin_XV_1_WEB_page-0001-724x1024.jpg 724w, https:\/\/www.kalvin.sk\/wp-content\/uploads\/2024\/03\/Kalvin_XV_1_WEB_page-0001-768x1086.jpg 768w, https:\/\/www.kalvin.sk\/wp-content\/uploads\/2024\/03\/Kalvin_XV_1_WEB_page-0001-1086x1536.jpg 1086w, https:\/\/www.kalvin.sk\/wp-content\/uploads\/2024\/03\/Kalvin_XV_1_WEB_page-0001.jpg 1241w\" sizes=\"(max-width: 212px) 100vw, 212px\" \/><\/span><div class=\"bt_bb_image_content\"><div class=\"bt_bb_image_content_flex\"><div class=\"bt_bb_image_content_inner\"><div class=\"bt_bb_button bt_bb_icon_position_left bt_bb_style_outline bt_bb_size_small bt_bb_width_inline bt_bb_shape_inherit bt_bb_align_inherit\" data-bt-override-class=\"{&quot;bt_bb_size_&quot;:{&quot;current_class&quot;:&quot;bt_bb_size_small&quot;,&quot;xl&quot;:&quot;small&quot;},&quot;bt_bb_align_&quot;:{&quot;current_class&quot;:&quot;bt_bb_align_inherit&quot;,&quot;xl&quot;:&quot;inherit&quot;}}\"><a href=\"https:\/\/www.kalvin.sk\/wp-content\/uploads\/2024\/03\/Kalvin_XV_1_WEB.pdf\" target=\"_self\" class=\"bt_bb_link\" title=\"Kalv\u00edn Marec 2024 na stiahnutie tu\"><span class=\"bt_bb_button_text\">Kalv\u00edn Marec 2024 na stiahnutie tu<\/span><span  data-ico-fa=\"&#xf0ab;\" class=\"bt_bb_icon_holder\"><\/span><\/a><\/div><\/div><\/div><\/div><\/div><div class=\"bt_bb_image bt_bb_shape_square bt_bb_align_inherit bt_bb_hover_style_simple bt_bb_content_display_always bt_bb_content_align_middle bt_bb_content_exists\" data-bt-override-class=\"{&quot;bt_bb_align_&quot;:{&quot;current_class&quot;:&quot;bt_bb_align_inherit&quot;,&quot;xl&quot;:&quot;inherit&quot;}}\"><span><img width=\"212\" height=\"300\" src=\"https:\/\/www.kalvin.sk\/wp-content\/uploads\/2024\/03\/Kalvin_XV_02_NET-pdf-212x300.jpg\" class=\"attachment-medium size-medium\" alt=\"https:\/\/www.kalvin.sk\/wp-content\/uploads\/2024\/03\/Kalvin_XV_02_NET-pdf-212x300.jpg\" loading=\"lazy\" data-full_image_src=\"https:\/\/www.kalvin.sk\/wp-content\/uploads\/2024\/03\/Kalvin_XV_02_NET-pdf.jpg\" title=\"Kalvin_XV_02_NET\" \/><\/span><div class=\"bt_bb_image_content\"><div class=\"bt_bb_image_content_flex\"><div class=\"bt_bb_image_content_inner\"><div class=\"bt_bb_button bt_bb_icon_position_left bt_bb_style_outline bt_bb_size_small bt_bb_width_inline bt_bb_shape_inherit bt_bb_align_inherit\" data-bt-override-class=\"{&quot;bt_bb_size_&quot;:{&quot;current_class&quot;:&quot;bt_bb_size_small&quot;,&quot;xl&quot;:&quot;small&quot;},&quot;bt_bb_align_&quot;:{&quot;current_class&quot;:&quot;bt_bb_align_inherit&quot;,&quot;xl&quot;:&quot;inherit&quot;}}\"><a href=\"https:\/\/www.kalvin.sk\/wp-content\/uploads\/2024\/03\/Kalvin_XV_02_NET.pdf\" target=\"_self\" class=\"bt_bb_link\" title=\"Kalv\u00edn Marec 2024 \u010d\u00edslo 2 na stiahnutie tu\"><span class=\"bt_bb_button_text\">Kalv\u00edn Marec 2024 \u010d\u00edslo 2 na stiahnutie tu<\/span><span  data-ico-fa=\"&#xf0ab;\" class=\"bt_bb_icon_holder\"><\/span><\/a><\/div><\/div><\/div><\/div><\/div><div class=\"bt_bb_image bt_bb_shape_square bt_bb_align_inherit bt_bb_hover_style_simple bt_bb_content_display_always bt_bb_content_align_middle bt_bb_content_exists\" data-bt-override-class=\"{&quot;bt_bb_align_&quot;:{&quot;current_class&quot;:&quot;bt_bb_align_inherit&quot;,&quot;xl&quot;:&quot;inherit&quot;}}\"><span><img width=\"212\" height=\"300\" src=\"https:\/\/www.kalvin.sk\/wp-content\/uploads\/2024\/05\/Kalvin-XV_3_WEB_page-0001-212x300.jpg\" class=\"attachment-medium size-medium\" alt=\"https:\/\/www.kalvin.sk\/wp-content\/uploads\/2024\/05\/Kalvin-XV_3_WEB_page-0001-212x300.jpg\" loading=\"lazy\" data-full_image_src=\"https:\/\/www.kalvin.sk\/wp-content\/uploads\/2024\/05\/Kalvin-XV_3_WEB_page-0001.jpg\" title=\"Kalvin XV_3_WEB_page-0001\" srcset=\"https:\/\/www.kalvin.sk\/wp-content\/uploads\/2024\/05\/Kalvin-XV_3_WEB_page-0001-212x300.jpg 212w, https:\/\/www.kalvin.sk\/wp-content\/uploads\/2024\/05\/Kalvin-XV_3_WEB_page-0001-724x1024.jpg 724w, https:\/\/www.kalvin.sk\/wp-content\/uploads\/2024\/05\/Kalvin-XV_3_WEB_page-0001-768x1086.jpg 768w, https:\/\/www.kalvin.sk\/wp-content\/uploads\/2024\/05\/Kalvin-XV_3_WEB_page-0001-1086x1536.jpg 1086w, https:\/\/www.kalvin.sk\/wp-content\/uploads\/2024\/05\/Kalvin-XV_3_WEB_page-0001.jpg 1241w\" sizes=\"(max-width: 212px) 100vw, 212px\" \/><\/span><div class=\"bt_bb_image_content\"><div class=\"bt_bb_image_content_flex\"><div class=\"bt_bb_image_content_inner\"><div class=\"bt_bb_button bt_bb_icon_position_left bt_bb_style_outline bt_bb_size_small bt_bb_width_inline bt_bb_shape_inherit bt_bb_align_inherit\" data-bt-override-class=\"{&quot;bt_bb_size_&quot;:{&quot;current_class&quot;:&quot;bt_bb_size_small&quot;,&quot;xl&quot;:&quot;small&quot;},&quot;bt_bb_align_&quot;:{&quot;current_class&quot;:&quot;bt_bb_align_inherit&quot;,&quot;xl&quot;:&quot;inherit&quot;}}\"><a href=\"https:\/\/www.kalvin.sk\/wp-content\/uploads\/2024\/05\/Kalvin-XV_3_WEB.pdf\" target=\"_self\" class=\"bt_bb_link\" title=\"Kalv\u00edn M\u00e1j 2024 na stiahnutie tu\"><span class=\"bt_bb_button_text\">Kalv\u00edn M\u00e1j 2024 na stiahnutie tu<\/span><span  data-ico-fa=\"&#xf0ab;\" class=\"bt_bb_icon_holder\"><\/span><\/a><\/div><\/div><\/div><\/div><\/div><div class=\"bt_bb_image bt_bb_shape_square bt_bb_align_inherit bt_bb_hover_style_simple bt_bb_content_display_always bt_bb_content_align_middle bt_bb_content_exists\" data-bt-override-class=\"{&quot;bt_bb_align_&quot;:{&quot;current_class&quot;:&quot;bt_bb_align_inherit&quot;,&quot;xl&quot;:&quot;inherit&quot;}}\"><span><img width=\"212\" height=\"300\" src=\"https:\/\/www.kalvin.sk\/wp-content\/uploads\/2024\/10\/KALVIN-XV_4-WEB_page-0001-212x300.jpg\" class=\"attachment-medium size-medium\" alt=\"https:\/\/www.kalvin.sk\/wp-content\/uploads\/2024\/10\/KALVIN-XV_4-WEB_page-0001-212x300.jpg\" loading=\"lazy\" data-full_image_src=\"https:\/\/www.kalvin.sk\/wp-content\/uploads\/2024\/10\/KALVIN-XV_4-WEB_page-0001.jpg\" title=\"KALVIN XV_4 WEB_page-0001\" srcset=\"https:\/\/www.kalvin.sk\/wp-content\/uploads\/2024\/10\/KALVIN-XV_4-WEB_page-0001-212x300.jpg 212w, https:\/\/www.kalvin.sk\/wp-content\/uploads\/2024\/10\/KALVIN-XV_4-WEB_page-0001-724x1024.jpg 724w, https:\/\/www.kalvin.sk\/wp-content\/uploads\/2024\/10\/KALVIN-XV_4-WEB_page-0001-768x1086.jpg 768w, https:\/\/www.kalvin.sk\/wp-content\/uploads\/2024\/10\/KALVIN-XV_4-WEB_page-0001-1086x1536.jpg 1086w, https:\/\/www.kalvin.sk\/wp-content\/uploads\/2024\/10\/KALVIN-XV_4-WEB_page-0001.jpg 1241w\" sizes=\"(max-width: 212px) 100vw, 212px\" \/><\/span><div class=\"bt_bb_image_content\"><div class=\"bt_bb_image_content_flex\"><div class=\"bt_bb_image_content_inner\"><div class=\"bt_bb_button bt_bb_icon_position_left bt_bb_style_outline bt_bb_size_small bt_bb_width_inline bt_bb_shape_inherit bt_bb_align_inherit\" data-bt-override-class=\"{&quot;bt_bb_size_&quot;:{&quot;current_class&quot;:&quot;bt_bb_size_small&quot;,&quot;xl&quot;:&quot;small&quot;},&quot;bt_bb_align_&quot;:{&quot;current_class&quot;:&quot;bt_bb_align_inherit&quot;,&quot;xl&quot;:&quot;inherit&quot;}}\"><a href=\"https:\/\/www.kalvin.sk\/wp-content\/uploads\/2024\/10\/KALVIN-XV_4-WEB.pdf\" target=\"_self\" class=\"bt_bb_link\" title=\"Kalv\u00edn Okt\u00f3ber 2024 na stiahnutie tu\"><span class=\"bt_bb_button_text\">Kalv\u00edn Okt\u00f3ber 2024 na stiahnutie tu<\/span><span  data-ico-fa=\"&#xf0ab;\" class=\"bt_bb_icon_holder\"><\/span><\/a><\/div><\/div><\/div><\/div><\/div><div class=\"bt_bb_image bt_bb_shape_square bt_bb_align_inherit bt_bb_hover_style_simple bt_bb_content_display_always bt_bb_content_align_middle bt_bb_content_exists\" data-bt-override-class=\"{&quot;bt_bb_align_&quot;:{&quot;current_class&quot;:&quot;bt_bb_align_inherit&quot;,&quot;xl&quot;:&quot;inherit&quot;}}\"><span><img width=\"212\" height=\"300\" src=\"https:\/\/www.kalvin.sk\/wp-content\/uploads\/2024\/12\/Kalvin-XV_5_WEB_page-0001-212x300.jpg\" class=\"attachment-medium size-medium\" alt=\"https:\/\/www.kalvin.sk\/wp-content\/uploads\/2024\/12\/Kalvin-XV_5_WEB_page-0001-212x300.jpg\" loading=\"lazy\" data-full_image_src=\"https:\/\/www.kalvin.sk\/wp-content\/uploads\/2024\/12\/Kalvin-XV_5_WEB_page-0001.jpg\" title=\"Kalvin XV_5_WEB_page-0001\" srcset=\"https:\/\/www.kalvin.sk\/wp-content\/uploads\/2024\/12\/Kalvin-XV_5_WEB_page-0001-212x300.jpg 212w, https:\/\/www.kalvin.sk\/wp-content\/uploads\/2024\/12\/Kalvin-XV_5_WEB_page-0001-724x1024.jpg 724w, https:\/\/www.kalvin.sk\/wp-content\/uploads\/2024\/12\/Kalvin-XV_5_WEB_page-0001-768x1086.jpg 768w, https:\/\/www.kalvin.sk\/wp-content\/uploads\/2024\/12\/Kalvin-XV_5_WEB_page-0001-1086x1536.jpg 1086w, https:\/\/www.kalvin.sk\/wp-content\/uploads\/2024\/12\/Kalvin-XV_5_WEB_page-0001.jpg 1241w\" sizes=\"(max-width: 212px) 100vw, 212px\" \/><\/span><div class=\"bt_bb_image_content\"><div class=\"bt_bb_image_content_flex\"><div class=\"bt_bb_image_content_inner\"><div class=\"bt_bb_button bt_bb_icon_position_left bt_bb_style_outline bt_bb_size_small bt_bb_width_inline bt_bb_shape_inherit bt_bb_align_inherit\" data-bt-override-class=\"{&quot;bt_bb_size_&quot;:{&quot;current_class&quot;:&quot;bt_bb_size_small&quot;,&quot;xl&quot;:&quot;small&quot;},&quot;bt_bb_align_&quot;:{&quot;current_class&quot;:&quot;bt_bb_align_inherit&quot;,&quot;xl&quot;:&quot;inherit&quot;}}\"><a href=\"https:\/\/www.kalvin.sk\/wp-content\/uploads\/2024\/12\/Kalvin-XV_5_WEB.pdf\" target=\"_self\" class=\"bt_bb_link\" title=\"Kalv\u00edn December 2024 na stiahnutie tu\"><span class=\"bt_bb_button_text\">Kalv\u00edn December 2024 na stiahnutie tu<\/span><span  data-ico-fa=\"&#xf0ab;\" class=\"bt_bb_icon_holder\"><\/span><\/a><\/div><\/div><\/div><\/div><\/div><\/div><\/div><\/div><\/div><\/div><\/div><\/div><\/div><\/section><\/div>","protected":false},"excerpt":{"rendered":"","protected":false},"author":1,"featured_media":0,"parent":0,"menu_order":0,"comment_status":"closed","ping_status":"closed","template":"","meta":{"_monsterinsights_skip_tracking":false,"_monsterinsights_sitenote_active":false,"_monsterinsights_sitenote_note":"","_monsterinsights_sitenote_category":0},"yoast_head":"<!-- This site is optimized with the Yoast SEO plugin v14.2 - https:\/\/yoast.com\/wordpress\/plugins\/seo\/ -->\n<title>Ro\u010dn\u00edk 2024 - Kalvin<\/title>\n<meta name=\"robots\" content=\"index, follow\" \/>\n<meta name=\"googlebot\" content=\"index, follow, max-snippet:-1, max-image-preview:large, max-video-preview:-1\" \/>\n<meta name=\"bingbot\" content=\"index, follow, max-snippet:-1, max-image-preview:large, max-video-preview:-1\" \/>\n<link rel=\"canonical\" href=\"https:\/\/www.kalvin.sk\/?page_id=2110\" \/>\n<meta property=\"og:locale\" content=\"sk_SK\" \/>\n<meta property=\"og:type\" content=\"article\" \/>\n<meta property=\"og:title\" content=\"Ro\u010dn\u00edk 2024 - Kalvin\" \/>\n<meta property=\"og:url\" content=\"https:\/\/www.kalvin.sk\/?page_id=2110\" \/>\n<meta property=\"og:site_name\" content=\"Kalvin\" \/>\n<meta property=\"article:modified_time\" content=\"2024-12-22T13:52:18+00:00\" \/>\n<meta name=\"twitter:card\" content=\"summary_large_image\" \/>\n<script type=\"application\/ld+json\" class=\"yoast-schema-graph\">{\"@context\":\"https:\/\/schema.org\",\"@graph\":[{\"@type\":\"WebSite\",\"@id\":\"https:\/\/www.kalvin.sk\/#website\",\"url\":\"https:\/\/www.kalvin.sk\/\",\"name\":\"Kalvin\",\"description\":\"\",\"potentialAction\":[{\"@type\":\"SearchAction\",\"target\":\"https:\/\/www.kalvin.sk\/?s={search_term_string}\",\"query-input\":\"required name=search_term_string\"}],\"inLanguage\":\"sk-SK\"},{\"@type\":\"WebPage\",\"@id\":\"https:\/\/www.kalvin.sk\/?page_id=2110#webpage\",\"url\":\"https:\/\/www.kalvin.sk\/?page_id=2110\",\"name\":\"Ro\\u010dn\\u00edk 2024 - Kalvin\",\"isPartOf\":{\"@id\":\"https:\/\/www.kalvin.sk\/#website\"},\"datePublished\":\"2024-12-22T13:50:10+00:00\",\"dateModified\":\"2024-12-22T13:52:18+00:00\",\"inLanguage\":\"sk-SK\",\"potentialAction\":[{\"@type\":\"ReadAction\",\"target\":[\"https:\/\/www.kalvin.sk\/?page_id=2110\"]}]}]}<\/script>\n<!-- \/ Yoast SEO plugin. -->","_links":{"self":[{"href":"https:\/\/www.kalvin.sk\/index.php?rest_route=\/wp\/v2\/pages\/2110"}],"collection":[{"href":"https:\/\/www.kalvin.sk\/index.php?rest_route=\/wp\/v2\/pages"}],"about":[{"href":"https:\/\/www.kalvin.sk\/index.php?rest_route=\/wp\/v2\/types\/page"}],"author":[{"embeddable":true,"href":"https:\/\/www.kalvin.sk\/index.php?rest_route=\/wp\/v2\/users\/1"}],"replies":[{"embeddable":true,"href":"https:\/\/www.kalvin.sk\/index.php?rest_route=%2Fwp%2Fv2%2Fcomments&post=2110"}],"version-history":[{"count":2,"href":"https:\/\/www.kalvin.sk\/index.php?rest_route=\/wp\/v2\/pages\/2110\/revisions"}],"predecessor-version":[{"id":2112,"href":"https:\/\/www.kalvin.sk\/index.php?rest_route=\/wp\/v2\/pages\/2110\/revisions\/2112"}],"wp:attachment":[{"href":"https:\/\/www.kalvin.sk\/index.php?rest_route=%2Fwp%2Fv2%2Fmedia&parent=2110"}],"curies":[{"name":"wp","href":"https:\/\/api.w.org\/{rel}","templated":true}]}}