{"id":519,"date":"2022-04-24T16:59:30","date_gmt":"2022-04-24T14:59:30","guid":{"rendered":"https:\/\/www.kalvin.sk\/?page_id=519"},"modified":"2025-06-03T20:18:33","modified_gmt":"2025-06-03T18:18:33","slug":"archiv","status":"publish","type":"page","link":"https:\/\/www.kalvin.sk\/?page_id=519","title":{"rendered":"Arch\u00edv zborov\u00fdch udalost\u00ed"},"content":{"rendered":"<div class=\"bt_bb_wrapper\"><section id=\"bt_bb_section69ecca4dba858\"  class=\"bt_bb_section bt_bb_layout_boxed_1200\" ><div class=\"bt_bb_port\"><div class=\"bt_bb_cell\"><div class=\"bt_bb_cell_inner\"><div class=\"bt_bb_row_wrapper\"><div  class=\"bt_bb_row\" ><div  class=\"bt_bb_column col-xl-12 col-xs-12 col-sm-12 col-md-12 col-lg-12 bt_bb_align_left bt_bb_vertical_align_top bt_bb_padding_normal\"  data-width=\"12\" data-bt-override-class=\"{}\"><div class=\"bt_bb_column_content\"><div class=\"bt_bb_column_content_inner\"><div class=\"bt_bb_button bt_bb_icon_position_left bt_bb_color_scheme_1 bt_bb_style_outline bt_bb_size_small bt_bb_width_inline bt_bb_shape_inherit bt_bb_align_inherit bt_bb_animation_move_up animate\" data-bt-override-class=\"{&quot;bt_bb_size_&quot;:{&quot;current_class&quot;:&quot;bt_bb_size_small&quot;,&quot;xl&quot;:&quot;small&quot;},&quot;bt_bb_align_&quot;:{&quot;current_class&quot;:&quot;bt_bb_align_inherit&quot;,&quot;xl&quot;:&quot;inherit&quot;}}\"><a href=\"https:\/\/www.kalvin.sk\/?page_id=2230\" target=\"_self\" class=\"bt_bb_link\" title=\"Rok 2025\"><span class=\"bt_bb_button_text\">Rok 2025<\/span><span  data-ico-fa=\"&#xf0a9;\" class=\"bt_bb_icon_holder\"><\/span><\/a><\/div><div class=\"bt_bb_button bt_bb_icon_position_left bt_bb_color_scheme_1 bt_bb_style_outline bt_bb_size_small bt_bb_width_inline bt_bb_shape_inherit bt_bb_align_inherit bt_bb_animation_move_up animate\" data-bt-override-class=\"{&quot;bt_bb_size_&quot;:{&quot;current_class&quot;:&quot;bt_bb_size_small&quot;,&quot;xl&quot;:&quot;small&quot;},&quot;bt_bb_align_&quot;:{&quot;current_class&quot;:&quot;bt_bb_align_inherit&quot;,&quot;xl&quot;:&quot;inherit&quot;}}\"><a href=\"https:\/\/www.kalvin.sk\/?page_id=1704\" target=\"_self\" class=\"bt_bb_link\" title=\"Rok 2023\"><span class=\"bt_bb_button_text\">Rok 2023<\/span><span  data-ico-fa=\"&#xf0a9;\" class=\"bt_bb_icon_holder\"><\/span><\/a><\/div><div class=\"bt_bb_button bt_bb_icon_position_left bt_bb_color_scheme_1 bt_bb_style_outline bt_bb_size_small bt_bb_width_inline bt_bb_shape_inherit bt_bb_align_inherit bt_bb_animation_move_up animate\" data-bt-override-class=\"{&quot;bt_bb_size_&quot;:{&quot;current_class&quot;:&quot;bt_bb_size_small&quot;,&quot;xl&quot;:&quot;small&quot;},&quot;bt_bb_align_&quot;:{&quot;current_class&quot;:&quot;bt_bb_align_inherit&quot;,&quot;xl&quot;:&quot;inherit&quot;}}\"><a href=\"https:\/\/www.kalvin.sk\/?page_id=1694\" target=\"_self\" class=\"bt_bb_link\" title=\"Rok 2022\"><span class=\"bt_bb_button_text\">Rok 2022<\/span><span  data-ico-fa=\"&#xf0a9;\" class=\"bt_bb_icon_holder\"><\/span><\/a><\/div><div class=\"bt_bb_button bt_bb_icon_position_left bt_bb_color_scheme_1 bt_bb_style_outline bt_bb_size_small bt_bb_width_inline bt_bb_shape_inherit bt_bb_align_inherit bt_bb_animation_move_up animate\" data-bt-override-class=\"{&quot;bt_bb_size_&quot;:{&quot;current_class&quot;:&quot;bt_bb_size_small&quot;,&quot;xl&quot;:&quot;small&quot;},&quot;bt_bb_align_&quot;:{&quot;current_class&quot;:&quot;bt_bb_align_inherit&quot;,&quot;xl&quot;:&quot;inherit&quot;}}\"><a href=\"https:\/\/www.kalvin.sk\/?page_id=1659\" target=\"_self\" class=\"bt_bb_link\" title=\"Rok 2021\"><span class=\"bt_bb_button_text\">Rok 2021<\/span><span  data-ico-fa=\"&#xf0a9;\" class=\"bt_bb_icon_holder\"><\/span><\/a><\/div><div class=\"bt_bb_button bt_bb_icon_position_left bt_bb_color_scheme_1 bt_bb_style_outline bt_bb_size_small bt_bb_width_inline bt_bb_shape_inherit bt_bb_align_inherit bt_bb_animation_move_up animate\" data-bt-override-class=\"{&quot;bt_bb_size_&quot;:{&quot;current_class&quot;:&quot;bt_bb_size_small&quot;,&quot;xl&quot;:&quot;small&quot;},&quot;bt_bb_align_&quot;:{&quot;current_class&quot;:&quot;bt_bb_align_inherit&quot;,&quot;xl&quot;:&quot;inherit&quot;}}\"><a href=\"https:\/\/www.kalvin.sk\/?page_id=1647\" target=\"_self\" class=\"bt_bb_link\" title=\"Rok 2020\"><span class=\"bt_bb_button_text\">Rok 2020<\/span><span  data-ico-fa=\"&#xf0a9;\" class=\"bt_bb_icon_holder\"><\/span><\/a><\/div><div class=\"bt_bb_button bt_bb_icon_position_left bt_bb_color_scheme_1 bt_bb_style_outline bt_bb_size_small bt_bb_width_inline bt_bb_shape_inherit bt_bb_align_inherit bt_bb_animation_move_up animate\" data-bt-override-class=\"{&quot;bt_bb_size_&quot;:{&quot;current_class&quot;:&quot;bt_bb_size_small&quot;,&quot;xl&quot;:&quot;small&quot;},&quot;bt_bb_align_&quot;:{&quot;current_class&quot;:&quot;bt_bb_align_inherit&quot;,&quot;xl&quot;:&quot;inherit&quot;}}\"><a href=\"https:\/\/www.kalvin.sk\/?page_id=807\" target=\"_self\" class=\"bt_bb_link\" title=\"Rok 2019\"><span class=\"bt_bb_button_text\">Rok 2019<\/span><span  data-ico-fa=\"&#xf0a9;\" class=\"bt_bb_icon_holder\"><\/span><\/a><\/div><div class=\"bt_bb_button bt_bb_icon_position_left bt_bb_color_scheme_1 bt_bb_style_outline bt_bb_size_small bt_bb_width_inline bt_bb_shape_inherit bt_bb_align_inherit bt_bb_animation_move_up animate\" data-bt-override-class=\"{&quot;bt_bb_size_&quot;:{&quot;current_class&quot;:&quot;bt_bb_size_small&quot;,&quot;xl&quot;:&quot;small&quot;},&quot;bt_bb_align_&quot;:{&quot;current_class&quot;:&quot;bt_bb_align_inherit&quot;,&quot;xl&quot;:&quot;inherit&quot;}}\"><a href=\"https:\/\/www.kalvin.sk\/?page_id=849\" target=\"_self\" class=\"bt_bb_link\" title=\"Rok 2018\"><span class=\"bt_bb_button_text\">Rok 2018<\/span><span  data-ico-fa=\"&#xf0a9;\" class=\"bt_bb_icon_holder\"><\/span><\/a><\/div><div class=\"bt_bb_button bt_bb_icon_position_left bt_bb_color_scheme_1 bt_bb_style_outline bt_bb_size_small bt_bb_width_inline bt_bb_shape_inherit bt_bb_align_inherit bt_bb_animation_move_up animate\" data-bt-override-class=\"{&quot;bt_bb_size_&quot;:{&quot;current_class&quot;:&quot;bt_bb_size_small&quot;,&quot;xl&quot;:&quot;small&quot;},&quot;bt_bb_align_&quot;:{&quot;current_class&quot;:&quot;bt_bb_align_inherit&quot;,&quot;xl&quot;:&quot;inherit&quot;}}\"><a href=\"https:\/\/www.kalvin.sk\/?page_id=952\" target=\"_self\" class=\"bt_bb_link\" title=\"Rok 2017\"><span class=\"bt_bb_button_text\">Rok 2017<\/span><span  data-ico-fa=\"&#xf0a9;\" class=\"bt_bb_icon_holder\"><\/span><\/a><\/div><div class=\"bt_bb_button bt_bb_icon_position_left bt_bb_color_scheme_1 bt_bb_style_outline bt_bb_size_small bt_bb_width_inline bt_bb_shape_inherit bt_bb_align_inherit bt_bb_animation_move_up animate\" data-bt-override-class=\"{&quot;bt_bb_size_&quot;:{&quot;current_class&quot;:&quot;bt_bb_size_small&quot;,&quot;xl&quot;:&quot;small&quot;},&quot;bt_bb_align_&quot;:{&quot;current_class&quot;:&quot;bt_bb_align_inherit&quot;,&quot;xl&quot;:&quot;inherit&quot;}}\"><a href=\" https:\/\/www.kalvin.sk\/?page_id=522\" target=\"_self\" class=\"bt_bb_link\" title=\"Rok 2016\"><span class=\"bt_bb_button_text\">Rok 2016<\/span><span  data-ico-fa=\"&#xf0a9;\" class=\"bt_bb_icon_holder\"><\/span><\/a><\/div><div class=\"bt_bb_button bt_bb_icon_position_left bt_bb_color_scheme_1 bt_bb_style_outline bt_bb_size_small bt_bb_width_inline bt_bb_shape_inherit bt_bb_align_inherit bt_bb_animation_move_up animate\" data-bt-override-class=\"{&quot;bt_bb_size_&quot;:{&quot;current_class&quot;:&quot;bt_bb_size_small&quot;,&quot;xl&quot;:&quot;small&quot;},&quot;bt_bb_align_&quot;:{&quot;current_class&quot;:&quot;bt_bb_align_inherit&quot;,&quot;xl&quot;:&quot;inherit&quot;}}\"><a href=\"https:\/\/www.kalvin.sk\/?page_id=1066\" target=\"_self\" class=\"bt_bb_link\" title=\"Rok 2015\"><span class=\"bt_bb_button_text\">Rok 2015<\/span><span  data-ico-fa=\"&#xf0a9;\" class=\"bt_bb_icon_holder\"><\/span><\/a><\/div><div class=\"bt_bb_button bt_bb_icon_position_left bt_bb_color_scheme_1 bt_bb_style_outline bt_bb_size_small bt_bb_width_inline bt_bb_shape_inherit bt_bb_align_inherit bt_bb_animation_move_up animate\" data-bt-override-class=\"{&quot;bt_bb_size_&quot;:{&quot;current_class&quot;:&quot;bt_bb_size_small&quot;,&quot;xl&quot;:&quot;small&quot;},&quot;bt_bb_align_&quot;:{&quot;current_class&quot;:&quot;bt_bb_align_inherit&quot;,&quot;xl&quot;:&quot;inherit&quot;}}\"><a href=\"https:\/\/www.kalvin.sk\/?page_id=1136\" target=\"_self\" class=\"bt_bb_link\" title=\"Rok 2014\"><span class=\"bt_bb_button_text\">Rok 2014<\/span><span  data-ico-fa=\"&#xf0a9;\" class=\"bt_bb_icon_holder\"><\/span><\/a><\/div><div class=\"bt_bb_button bt_bb_icon_position_left bt_bb_color_scheme_1 bt_bb_style_outline bt_bb_size_small bt_bb_width_inline bt_bb_shape_inherit bt_bb_align_inherit bt_bb_animation_move_up animate\" data-bt-override-class=\"{&quot;bt_bb_size_&quot;:{&quot;current_class&quot;:&quot;bt_bb_size_small&quot;,&quot;xl&quot;:&quot;small&quot;},&quot;bt_bb_align_&quot;:{&quot;current_class&quot;:&quot;bt_bb_align_inherit&quot;,&quot;xl&quot;:&quot;inherit&quot;}}\"><a href=\"https:\/\/www.kalvin.sk\/?page_id=1166\" target=\"_self\" class=\"bt_bb_link\" title=\"Rok 2013\"><span class=\"bt_bb_button_text\">Rok 2013<\/span><span  data-ico-fa=\"&#xf0a9;\" class=\"bt_bb_icon_holder\"><\/span><\/a><\/div><div class=\"bt_bb_button bt_bb_icon_position_left bt_bb_color_scheme_1 bt_bb_style_outline bt_bb_size_small bt_bb_width_inline bt_bb_shape_inherit bt_bb_align_inherit bt_bb_animation_move_up animate\" data-bt-override-class=\"{&quot;bt_bb_size_&quot;:{&quot;current_class&quot;:&quot;bt_bb_size_small&quot;,&quot;xl&quot;:&quot;small&quot;},&quot;bt_bb_align_&quot;:{&quot;current_class&quot;:&quot;bt_bb_align_inherit&quot;,&quot;xl&quot;:&quot;inherit&quot;}}\"><a href=\"https:\/\/www.kalvin.sk\/?page_id=1196\" target=\"_self\" class=\"bt_bb_link\" title=\"Rok 2012\"><span class=\"bt_bb_button_text\">Rok 2012<\/span><span  data-ico-fa=\"&#xf0a9;\" class=\"bt_bb_icon_holder\"><\/span><\/a><\/div><div class=\"bt_bb_button bt_bb_icon_position_left bt_bb_color_scheme_1 bt_bb_style_outline bt_bb_size_small bt_bb_width_inline bt_bb_shape_inherit bt_bb_align_inherit bt_bb_animation_move_up animate\" data-bt-override-class=\"{&quot;bt_bb_size_&quot;:{&quot;current_class&quot;:&quot;bt_bb_size_small&quot;,&quot;xl&quot;:&quot;small&quot;},&quot;bt_bb_align_&quot;:{&quot;current_class&quot;:&quot;bt_bb_align_inherit&quot;,&quot;xl&quot;:&quot;inherit&quot;}}\"><a href=\"https:\/\/www.kalvin.sk\/?page_id=1635\" target=\"_self\" class=\"bt_bb_link\" title=\"Rok 2011\"><span class=\"bt_bb_button_text\">Rok 2011<\/span><span  data-ico-fa=\"&#xf0a9;\" class=\"bt_bb_icon_holder\"><\/span><\/a><\/div><div class=\"bt_bb_button bt_bb_icon_position_left bt_bb_color_scheme_1 bt_bb_style_outline bt_bb_size_small bt_bb_width_inline bt_bb_shape_inherit bt_bb_align_inherit bt_bb_animation_move_up animate\" data-bt-override-class=\"{&quot;bt_bb_size_&quot;:{&quot;current_class&quot;:&quot;bt_bb_size_small&quot;,&quot;xl&quot;:&quot;small&quot;},&quot;bt_bb_align_&quot;:{&quot;current_class&quot;:&quot;bt_bb_align_inherit&quot;,&quot;xl&quot;:&quot;inherit&quot;}}\"><a href=\"https:\/\/www.kalvin.sk\/?page_id=1227\" target=\"_self\" class=\"bt_bb_link\" title=\"Rok 2010\"><span class=\"bt_bb_button_text\">Rok 2010<\/span><span  data-ico-fa=\"&#xf0a9;\" class=\"bt_bb_icon_holder\"><\/span><\/a><\/div><div class=\"bt_bb_button bt_bb_icon_position_left bt_bb_color_scheme_1 bt_bb_style_outline bt_bb_size_small bt_bb_width_inline bt_bb_shape_inherit bt_bb_align_inherit bt_bb_animation_move_up animate\" data-bt-override-class=\"{&quot;bt_bb_size_&quot;:{&quot;current_class&quot;:&quot;bt_bb_size_small&quot;,&quot;xl&quot;:&quot;small&quot;},&quot;bt_bb_align_&quot;:{&quot;current_class&quot;:&quot;bt_bb_align_inherit&quot;,&quot;xl&quot;:&quot;inherit&quot;}}\"><a href=\"https:\/\/www.kalvin.sk\/?page_id=1258\" target=\"_self\" class=\"bt_bb_link\" title=\"Rok 2009\"><span class=\"bt_bb_button_text\">Rok 2009<\/span><span  data-ico-fa=\"&#xf0a9;\" class=\"bt_bb_icon_holder\"><\/span><\/a><\/div><\/div><\/div><\/div><\/div><\/div><\/div><\/div><\/div><\/section><\/div>","protected":false},"excerpt":{"rendered":"","protected":false},"author":1,"featured_media":0,"parent":0,"menu_order":0,"comment_status":"closed","ping_status":"closed","template":"","meta":{"_monsterinsights_skip_tracking":false,"_monsterinsights_sitenote_active":false,"_monsterinsights_sitenote_note":"","_monsterinsights_sitenote_category":0},"yoast_head":"<!-- This site is optimized with the Yoast SEO plugin v14.2 - https:\/\/yoast.com\/wordpress\/plugins\/seo\/ -->\n<title>Arch\u00edv zborov\u00fdch udalost\u00ed - Kalvin<\/title>\n<meta name=\"robots\" content=\"index, follow\" \/>\n<meta name=\"googlebot\" content=\"index, follow, max-snippet:-1, max-image-preview:large, max-video-preview:-1\" \/>\n<meta name=\"bingbot\" content=\"index, follow, max-snippet:-1, max-image-preview:large, max-video-preview:-1\" \/>\n<link rel=\"canonical\" href=\"https:\/\/www.kalvin.sk\/?page_id=519\" \/>\n<meta property=\"og:locale\" content=\"sk_SK\" \/>\n<meta property=\"og:type\" content=\"article\" \/>\n<meta property=\"og:title\" content=\"Arch\u00edv zborov\u00fdch udalost\u00ed - Kalvin\" \/>\n<meta property=\"og:url\" content=\"https:\/\/www.kalvin.sk\/?page_id=519\" \/>\n<meta property=\"og:site_name\" content=\"Kalvin\" \/>\n<meta property=\"article:modified_time\" content=\"2025-06-03T18:18:33+00:00\" \/>\n<meta name=\"twitter:card\" content=\"summary_large_image\" \/>\n<script type=\"application\/ld+json\" class=\"yoast-schema-graph\">{\"@context\":\"https:\/\/schema.org\",\"@graph\":[{\"@type\":\"WebSite\",\"@id\":\"https:\/\/www.kalvin.sk\/#website\",\"url\":\"https:\/\/www.kalvin.sk\/\",\"name\":\"Kalvin\",\"description\":\"\",\"potentialAction\":[{\"@type\":\"SearchAction\",\"target\":\"https:\/\/www.kalvin.sk\/?s={search_term_string}\",\"query-input\":\"required name=search_term_string\"}],\"inLanguage\":\"sk-SK\"},{\"@type\":\"WebPage\",\"@id\":\"https:\/\/www.kalvin.sk\/?page_id=519#webpage\",\"url\":\"https:\/\/www.kalvin.sk\/?page_id=519\",\"name\":\"Arch\\u00edv zborov\\u00fdch udalost\\u00ed - Kalvin\",\"isPartOf\":{\"@id\":\"https:\/\/www.kalvin.sk\/#website\"},\"datePublished\":\"2022-04-24T14:59:30+00:00\",\"dateModified\":\"2025-06-03T18:18:33+00:00\",\"inLanguage\":\"sk-SK\",\"potentialAction\":[{\"@type\":\"ReadAction\",\"target\":[\"https:\/\/www.kalvin.sk\/?page_id=519\"]}]}]}<\/script>\n<!-- \/ Yoast SEO plugin. -->","_links":{"self":[{"href":"https:\/\/www.kalvin.sk\/index.php?rest_route=\/wp\/v2\/pages\/519"}],"collection":[{"href":"https:\/\/www.kalvin.sk\/index.php?rest_route=\/wp\/v2\/pages"}],"about":[{"href":"https:\/\/www.kalvin.sk\/index.php?rest_route=\/wp\/v2\/types\/page"}],"author":[{"embeddable":true,"href":"https:\/\/www.kalvin.sk\/index.php?rest_route=\/wp\/v2\/users\/1"}],"replies":[{"embeddable":true,"href":"https:\/\/www.kalvin.sk\/index.php?rest_route=%2Fwp%2Fv2%2Fcomments&post=519"}],"version-history":[{"count":7,"href":"https:\/\/www.kalvin.sk\/index.php?rest_route=\/wp\/v2\/pages\/519\/revisions"}],"predecessor-version":[{"id":2250,"href":"https:\/\/www.kalvin.sk\/index.php?rest_route=\/wp\/v2\/pages\/519\/revisions\/2250"}],"wp:attachment":[{"href":"https:\/\/www.kalvin.sk\/index.php?rest_route=%2Fwp%2Fv2%2Fmedia&parent=519"}],"curies":[{"name":"wp","href":"https:\/\/api.w.org\/{rel}","templated":true}]}}